{"id":217,"date":"2014-04-08T10:14:26","date_gmt":"2014-04-08T10:14:26","guid":{"rendered":"http:\/\/www.thiery.fr\/?page_id=217"},"modified":"2020-12-24T00:37:46","modified_gmt":"2020-12-24T00:37:46","slug":"thiery-village-des-tubans","status":"publish","type":"page","link":"https:\/\/www.thiery.fr\/?page_id=217","title":{"rendered":"Le village des Tubans"},"content":{"rendered":"<h3 style=\"text-align: center;\"><span style=\"color: #800000;\">\u00a0<\/span><\/h3>\n<h3 style=\"text-align: center;\"><a href=\"https:\/\/www.thiery.fr\/wp-content\/uploads\/blason.jpg\"><img loading=\"lazy\" decoding=\"async\" class=\"alignleft\" src=\"https:\/\/www.thiery.fr\/wp-content\/uploads\/blason-273x300.jpg\" alt=\"blason\" width=\"76\" height=\"84\" \/><\/a><span style=\"color: #800000;\">Au travers de ce site internet, visitez le \u00ab\u00a0Village des Tubans \u00bb, parcourez ses ruelles et ses diverses places, son histoire et sa culture, ses manifestations, ainsi que les nombreuses curiosit\u00e9s qu&rsquo;offrent les alentours de Thi\u00e9ry\u00a0\u00a0<\/span><\/h3>\n<h3 style=\"text-align: center;\"><span style=\"color: #800000;\"><img loading=\"lazy\" decoding=\"async\" class=\"alignright\" title=\"thiery118\" src=\"https:\/\/www.thiery.fr\/wp-content\/uploads\/thiery118-300x225.jpg\" alt=\"\" width=\"333\" height=\"256\" \/><\/span><\/h3>\n<p style=\"text-align: justify;\"><span style=\"color: #000000;\">Thi\u00e9ry est un superbe village de l\u2019arri\u00e8re-pays ni\u00e7ois situ\u00e9 dans le d\u00e9partement des Alpes Maritimes. Les villageois qui y habitent sont \u00ab\u00a0Thi\u00e9rois\u00a0\u00bb mais portent aussi, comme dans beaucoup de villages de notre r\u00e9gion, un surnom. A Thi\u00e9ry c&rsquo;est\u00a0 celui de \u00ab Tubans \u00bb. Le mot \u00ab\u00a0tubans\u00a0\u00bb vient de \u00ab\u00a0tubassine\u00a0\u00bb <\/span><span style=\"color: #000000;\">qui signifie <em>\u00e9paisse fum\u00e9e <\/em> en patois local. <a href=\"https:\/\/www.thiery.fr\/wp-content\/uploads\/porche2.jpg\"><span style=\"color: #000000;\"><img loading=\"lazy\" decoding=\"async\" class=\"alignleft size-medium wp-image-340\" src=\"https:\/\/www.thiery.fr\/wp-content\/uploads\/porche2-225x300.jpg\" alt=\"Le porche sous la place de l'eglise\" width=\"225\" height=\"300\" srcset=\"https:\/\/www.thiery.fr\/wp-content\/uploads\/porche2-225x300.jpg 225w, https:\/\/www.thiery.fr\/wp-content\/uploads\/porche2.jpg 360w\" sizes=\"auto, (max-width: 225px) 100vw, 225px\" \/><\/span><\/a>Autrefois, les paysans \u00e9clairaient leur maison \u00e0 l&rsquo;aide de torches de bois r\u00e9sineux appel\u00e9s \u00ab\u00a0lum\u00e9s\u00a0\u00bb, lesquelles occasionnaient de fortes et \u00e9paisses fum\u00e9es grasses. Celles-ci enfumaient l&rsquo;int\u00e9rieur des maisons et, par la m\u00eame occasion, les habitants. Ceci explique alors l&rsquo;appellation \u00abVillage des Tubans\u00bb qui signifie \u00abVillage des Enfum\u00e9s\u00bb.<\/span><\/p>\n<p style=\"text-align: justify;\"><span style=\"color: #000000;\">Culminant \u00e0 1050 m\u00e8tres d\u2019altitude, Thi\u00e9ry est un village alpin situ\u00e9 au sommet d&rsquo;un piton rocheux\u00a0 entour\u00e9 de montagnes bois\u00e9es. La commune atteint une superficie de 2224 ha dont 1158 ha de for\u00eats. Elle domine la vall\u00e9e du Var, les Gorges du Cians, la vall\u00e9e de l\u2019Arzilagne et le vallon de Thi\u00e9ry. Auparavant il y avait un ch\u00e2teau en haut du village, celui-ci a \u00e9t\u00e9 d\u00e9truit vers 1650 apr\u00e8s la guerre opposant le comt\u00e9 de Savoie et les Grimaldi de Beuil. Il en reste quelques traces derri\u00e8re l&rsquo;auberge et en contrebas de la route sous le lavoir. Une maquette de Thi\u00e9ry et son ch\u00e2teau a \u00e9t\u00e9 r\u00e9alis\u00e9e et expos\u00e9e dans l&rsquo;\u00e9glise du village.<br \/>\n<\/span><\/p>\n<p style=\"text-align: justify;\"><span style=\"color: #000000;\">Pendant de nombreuses ann\u00e9es, le village de Thi\u00e9ry a \u00e9t\u00e9 le grenier \u00e0 bl\u00e9 du canton. On y trouvait du bon grain et en quantit\u00e9. Les champs de bl\u00e9 se retrouvaient essentiellement aux alentours du village (depuis le fond du vallon de Thi\u00e9ry, en passant par la Gorge jusqu&rsquo;\u00e0 la Col d&rsquo;Astier et \u00e9galement \u00e0 la Villa-Soub\u00e9re). Un dicton c\u00e9l\u00e8bre illustrait bien cet \u00e9tat de fait\u00a0: il \u00e9tait aussi difficile de trouver <em>Thi\u00e9ry sans grain que Villars sans vin\u00a0!<\/em><\/span><\/p>\n<p style=\"text-align: justify;\"><span style=\"color: #00ff00;\"><span style=\"color: #000000;\">Apr\u00e8s Villars sur Var, une route sinueuse de 14 km \u00e0 travers la montagne vous permet d&rsquo;acc\u00e9der\u00a0 \u00e0 Thi\u00e9ry.<\/span><\/span><span style=\"color: #000000;\"> La route ne va <img loading=\"lazy\" decoding=\"async\" class=\"size-medium wp-image-337 alignright\" src=\"https:\/\/www.thiery.fr\/wp-content\/uploads\/place-four1-300x225.jpg\" alt=\"place du four\" width=\"300\" height=\"225\" srcset=\"https:\/\/www.thiery.fr\/wp-content\/uploads\/place-four1-300x225.jpg 300w, https:\/\/www.thiery.fr\/wp-content\/uploads\/place-four1-400x300.jpg 400w, https:\/\/www.thiery.fr\/wp-content\/uploads\/place-four1.jpg 640w\" sizes=\"auto, (max-width: 300px) 100vw, 300px\" \/>pas plus loin. Les villages de Tou\u00ebt-sur-Var, Lieuche, Ilonse, Bairols et Pierlas ne sont alors accessibles qu&rsquo;\u00e0 pied par des sentiers balis\u00e9s.<\/span><\/p>\n<p style=\"text-align: justify;\"><span style=\"color: #993300;\"><span style=\"color: #000000;\">L\u2019auberge communale de Thi\u00e9ry, avec ses 6 chambres, offre un g\u00eete aux randonneurs et aux touristes. La meule du vieux moulin \u00e0 farine en d\u00e9core l\u2019entr\u00e9e. <a href=\"https:\/\/www.thiery.fr\/wp-content\/uploads\/auberge1.jpg\"><img loading=\"lazy\" decoding=\"async\" class=\"alignleft wp-image-347 size-medium\" src=\"https:\/\/www.thiery.fr\/wp-content\/uploads\/auberge1-300x225.jpg\" alt=\"auberge1\" width=\"300\" height=\"225\" srcset=\"https:\/\/www.thiery.fr\/wp-content\/uploads\/auberge1-300x225.jpg 300w, https:\/\/www.thiery.fr\/wp-content\/uploads\/auberge1-400x300.jpg 400w, https:\/\/www.thiery.fr\/wp-content\/uploads\/auberge1.jpg 640w\" sizes=\"auto, (max-width: 300px) 100vw, 300px\" \/><\/a>On y sert une cuisine locale et familiale dans un cadre typique bien adapt\u00e9 aux demandes des visiteurs et \u00e0 toutes sortes d&rsquo;\u00e9v\u00e9nements\u00a0 <a title=\"L\u2019auberge de Thiery\" href=\"https:\/\/www.thiery.fr\/?page_id=185\">En savoir plus..<\/a><\/span><\/span><\/p>\n<p style=\"text-align: justify;\"><span style=\"color: #993300;\"><span style=\"color: #000000;\">Pour compl\u00e9ter l&rsquo;h\u00e9bergement dans la commune, la municipalit\u00e9 propose aussi<\/span> <span style=\"color: #000000;\">des <a title=\"Les gites communaux\" href=\"https:\/\/www.thiery.fr\/?page_id=650\">g\u00eetes meubl\u00e9s<\/a> lou\u00e9s \u00e0 la semaine, \u00e0 la quinzaine ou au mois.<\/span><\/span><\/p>\n<p><span style=\"color: #000000;\">En parcourant les rues de Thi\u00e9ry, en dessous de l&rsquo;auberge, vous d\u00e9couvrirez\u00a0 un\u00a0 village escarp\u00e9 aux vieilles maisons en pierre et aux ruelles tortueuses avec de nombreux passages vo\u00fbt\u00e9s.\u00a0<\/span><a href=\"https:\/\/www.thiery.fr\/wp-content\/uploads\/astiere-haut.jpg\"><img loading=\"lazy\" decoding=\"async\" class=\"alignright wp-image-474 size-medium\" src=\"https:\/\/www.thiery.fr\/wp-content\/uploads\/astiere-haut-300x200.jpg\" alt=\"astiere-haut\" width=\"300\" height=\"200\" srcset=\"https:\/\/www.thiery.fr\/wp-content\/uploads\/astiere-haut-300x200.jpg 300w, https:\/\/www.thiery.fr\/wp-content\/uploads\/astiere-haut-450x300.jpg 450w, https:\/\/www.thiery.fr\/wp-content\/uploads\/astiere-haut.jpg 738w\" sizes=\"auto, (max-width: 300px) 100vw, 300px\" \/><\/a><span style=\"color: #000000;\"> On retrouve dans certaines fa\u00e7ades des pierres du ch\u00e2teau.\u00a0 <\/span><\/p>\n<p>&nbsp;<\/p>\n<blockquote>\n<h1><\/h1>\n<h1><span style=\"text-decoration: underline;\"><span style=\"color: #800000; text-decoration: underline;\"><strong>A voir \u00e0 Thi\u00e9ry et aux alentours\u00a0 ,<br \/>\n<\/strong><\/span><\/span><\/h1>\n<p>&nbsp;<\/p><\/blockquote>\n<h6 style=\"text-align: justify;\"><span style=\"color: #000000;\"><em><strong>L&rsquo; \u00e9glise paroissiale Saint-Martin<\/strong><\/em>, <a href=\"https:\/\/www.thiery.fr\/wp-content\/uploads\/eglise1.jpg\"><span style=\"color: #000000;\"><img loading=\"lazy\" decoding=\"async\" class=\"wp-image-372 alignleft\" src=\"https:\/\/www.thiery.fr\/wp-content\/uploads\/eglise1-300x225.jpg\" alt=\"L'\u00e9glise de Thiery\" width=\"315\" height=\"240\" \/><\/span><\/a> situ\u00e9e dans la partie sup\u00e9rieure ouest du village. Construite au XI\u00e8me si\u00e8cle, cette \u00e9glise est peut \u00eatre plus ancienne, car le culte de son patron Saint Martin se r\u00e9pandit dans notre r\u00e9gion \u00e0 partir du Vll\u00e8me si\u00e8cle. Elle a \u00e9t\u00e9 restaur\u00e9e \u00e0 de\u00a0 nombreuses reprises. C&rsquo;est une \u00e9glise de style roman , qui comporte 2 cloches sous 2 arcatures sur le toit, dans un clocher du genre \u00ab\u00a0peigne\u00a0\u00bb. A l\u2019int\u00e9rieur, vous pouvez admirer le b\u00e9nitier sur une colonne monolithe, de magnifiques tableaux dont une huile sur toile de 1698 repr\u00e9sentant la mort de Saint Joseph (patron de la \u00ab\u00a0bonne mort\u00a0\u00bb ) et le tableau de Saint Antoine avec son b\u00e2ton en tau. Dans les niches, de part et d&rsquo;autre du retable, on peut admirer les statues de Saint Martin et Saint Roch protecteur du village contre la peste.<br \/>\n<\/span><\/h6>\n<p>&nbsp;<\/p>\n<h6 style=\"text-align: justify;\"><span style=\"color: #000000;\"><em><strong>La chapelle Notre-Dame situ\u00e9e au col de la Madone<\/strong><\/em>. <\/span><\/h6>\n<h6 style=\"text-align: justify;\"><span style=\"color: #000000;\">Elle est le lieu d&rsquo;un p\u00e8lerinage le 1er dimanche de septembre <\/span><a href=\"https:\/\/www.thiery.fr\/wp-content\/uploads\/chapelle2.jpg\"><img loading=\"lazy\" decoding=\"async\" class=\"alignright wp-image-1070 size-medium\" src=\"https:\/\/www.thiery.fr\/wp-content\/uploads\/chapelle2-300x225.jpg\" alt=\"chapelle2\" width=\"300\" height=\"225\" srcset=\"https:\/\/www.thiery.fr\/wp-content\/uploads\/chapelle2-300x225.jpg 300w, https:\/\/www.thiery.fr\/wp-content\/uploads\/chapelle2-400x300.jpg 400w, https:\/\/www.thiery.fr\/wp-content\/uploads\/chapelle2.jpg 800w\" sizes=\"auto, (max-width: 300px) 100vw, 300px\" \/><\/a><span style=\"color: #000000;\">de chaque ann\u00e9e. Ce jour-l\u00e0, une messe est c\u00e9l\u00e9br\u00e9e suivie d&rsquo;une procession autour de l\u2019\u00e9glise et d&rsquo;une b\u00e9n\u00e9diction des campagnes. Un repas champ\u00eatre est ensuite partag\u00e9 dans les pr\u00e8s autour de la chapelle. Cette\u00a0 manifestation marque la fin de l&rsquo;\u00e9t\u00e9 pour les heureux vacanciers du village. A l\u2019int\u00e9rieur de l&rsquo;\u00e9glise un\u00a0 autel \u00ab\u00a0authentique\u00a0\u00bb\u00a0 a \u00e9t\u00e9 r\u00e9alis\u00e9 en 2006 pour permettre au pr\u00eatre de dire la messe face aux fid\u00e8les.<\/span><\/h6>\n<p><span style=\"color: #336633;\"><span style=\"color: #888888;\"><span style=\"color: #000000;\"><em><strong>La roue du Moulin \u00e0 farine de l&rsquo;Arzilagne<\/strong><\/em>. Plac\u00e9e \u00e0 l\u2019entr\u00e9e du village devant l\u2019auberge avec une partie de sa cr\u00e9maill\u00e8re, la roue du moulin t\u00e9moigne de <\/span><\/span><\/span><a href=\"https:\/\/www.thiery.fr\/wp-content\/uploads\/auberge02.jpg\"><img loading=\"lazy\" decoding=\"async\" class=\"alignleft size-medium wp-image-483\" src=\"https:\/\/www.thiery.fr\/wp-content\/uploads\/auberge02-300x200.jpg\" alt=\"auberge0\" width=\"300\" height=\"200\" srcset=\"https:\/\/www.thiery.fr\/wp-content\/uploads\/auberge02-300x200.jpg 300w, https:\/\/www.thiery.fr\/wp-content\/uploads\/auberge02.jpg 400w\" sizes=\"auto, (max-width: 300px) 100vw, 300px\" \/><\/a><span style=\"color: #336633;\"><span style=\"color: #888888;\"><span style=\"color: #000000;\">l&rsquo;activit\u00e9 agricole de la <\/span><\/span><\/span><span style=\"color: #336633;\"><span style=\"color: #888888;\"><span style=\"color: #000000;\">r\u00e9gion durant des si\u00e8cles. Le moulin, situ\u00e9 <\/span><\/span><\/span><span style=\"color: #336633;\"><span style=\"color: #888888;\"><span style=\"color: #000000;\">aux abords de la rivi\u00e8re \u00e0 400 m\u00e8tres de d\u00e9nivel\u00e9 en contrebas du village, a \u00e9t\u00e9 construit au Moyen-Age. Il a permis \u00e0 des g\u00e9n\u00e9rations de Thi\u00e9rois de transformer les r\u00e9coltes de bl\u00e9 et d&rsquo;orge en farine. Son exploitation a pris fin vers 1930 quand l&rsquo;\u00e9lectricit\u00e9 est arriv\u00e9e. <\/span><\/span><\/span><\/p>\n<h2 style=\"text-align: justify;\"><\/h2>\n<h6 style=\"text-align: justify;\"><span style=\"color: #000000;\"><em><strong>L&rsquo;Arzilagne, \u00e0 20 minutes du village<\/strong>\u00a0<\/em> <\/span><\/h6>\n<h6 style=\"text-align: justify;\"><span style=\"color: #000000;\">Pour se rafra\u00eechir l&rsquo;\u00e9t\u00e9 en toute tranquillit\u00e9 et passer un bon moment apr\u00e8s<span style=\"color: #3366ff;\"> <a title=\"Les activit\u00e9s sportives, les loisirs\" href=\"https:\/\/www.thiery.fr\/?page_id=9\"><span style=\"color: #3366ff;\">une balade.<\/span><\/a><\/span> Cette rivi\u00e8re paisible, sauvage et pr\u00e9serv\u00e9e peut \u00eatre, les jours d&rsquo;orage, impressionnante et m\u00eame dangereuse si<a href=\"https:\/\/www.thiery.fr\/wp-content\/uploads\/arsilagne1.jpg\"><span style=\"color: #000000;\"><img loading=\"lazy\" decoding=\"async\" class=\"wp-image-358 alignright\" src=\"https:\/\/www.thiery.fr\/wp-content\/uploads\/arsilagne1-300x225.jpg\" alt=\"arsilagne\" width=\"351\" height=\"267\" \/><\/span><\/a> l&rsquo;on s&rsquo;aventure dans les Gorges. Le canyoning y est d\u2019ailleurs interdit (<a title=\"Canyoning dans l\u2019arsilagne\" href=\"https:\/\/www.thiery.fr\/?page_id=635\">en savoir plus ..<\/a>).\u00a0 Indispensable au d\u00e9veloppement de l&rsquo;agriculture et pour le fonctionnement du moulin, elle a \u00e9t\u00e9 durant une partie du 20 \u00e8me si\u00e8cle la cl\u00e9 du commerce du bois de la for\u00eat de Thi\u00e9ry vers la vall\u00e9e du Var. <\/span><span style=\"color: #000000;\">En effet les b\u00fbcherons construisaient des barrages dans le cours d&rsquo;eau, entassaient le bois coup\u00e9 derri\u00e8re et\u00a0 l\u00e2chaient la structure. Le bois ainsi propuls\u00e9 d\u00e9valait rapidement l&rsquo; Arzilagne, sautait la cascade de Thi\u00e9ry (110 m\u00e8tres de haut quand m\u00eame ) et\u00a0 finissait son terrible voyage dans le Cians puis le Var.\u00a0 Impressionnant !<img loading=\"lazy\" decoding=\"async\" class=\"alignleft\" title=\"thiery066\" src=\"https:\/\/www.thiery.fr\/wp-content\/uploads\/thiery066-225x300.jpg\" alt=\"\" width=\"277\" height=\"351\" \/><br \/>\n<\/span><\/h6>\n<p><span style=\"color: #888888;\">\u00a0 <\/span><\/p>\n<p>&nbsp;<\/p>\n<p><span style=\"color: #000000;\"><em><strong>Le clocher central,<\/strong><\/em> avec son horloge\u00a0 peut \u00eatre admir\u00e9 de pr\u00e8s depuis la place <\/span><span style=\"color: #000000;\">de\u00ef Tubans, mais se voit de presque partout vu qu&rsquo;il est perch\u00e9. C\u2019\u00e9tait un vieux pigeonnier qui a \u00e9t\u00e9 transform\u00e9 en 1935 pour y installer une <\/span><span style=\"color: #000000;\">horloge \u00e0 poids. Des pigeons voyageurs y auraient \u00e9t\u00e9 \u00e9lev\u00e9s avant la premi\u00e8re guerre. Restaur\u00e9e en 1978, l&rsquo;horloge est aujourd&rsquo;hui automatique.<\/span> <span style=\"color: #000000;\">Le timbre du clocher reste lui unique.<\/span><\/p>\n<h6><span style=\"color: #000000;\">\u00a0<\/span><\/h6>\n<p style=\"text-align: justify;\"><span style=\"color: #000000;\"><em><strong>La place du four<\/strong><\/em>, dite \u00ab\u00a0Dar Fourn\u00a0\u00bb en patois local, avec son four communal o\u00f9 l&rsquo;on fait encore le pain au moins une fois par an. Ce four a \u00e9t\u00e9 reconstruit vers 1930 et a <\/span><span style=\"color: #888888;\"><a href=\"https:\/\/www.thiery.fr\/wp-content\/uploads\/place-du-four.jpg\"><img loading=\"lazy\" decoding=\"async\" class=\"wp-image-375 alignright\" src=\"https:\/\/www.thiery.fr\/wp-content\/uploads\/place-du-four-300x225.jpg\" alt=\"place-du-four\" width=\"352\" height=\"269\" \/><\/a><\/span><span style=\"color: #000000;\">servi jusqu\u2019\u00e0 la guerre. A cause de la\u00a0 consommation tr\u00e8s importante de bois pour l&rsquo;alimenter, les villageoises ont pr\u00e9f\u00e9r\u00e9 cuire leurs pains dans les fours priv\u00e9s demandant moins d&rsquo;effort. Il n&rsquo;est plus utilis\u00e9 jusqu&rsquo;en 1998 o\u00f9 la municipalit\u00e9 en place l&rsquo;a fait r\u00e9nover. Depuis cette date tous les ans, fin Mai, il est allum\u00e9 pour \u00ab\u00a0la f\u00eate du pain\u00a0\u00bb.<br \/>\n<\/span><\/p>\n<h6 style=\"text-align: justify;\"><span style=\"color: #000000;\"><strong>Le point de vue panoramique sur l&rsquo;Arzilagne<\/strong> avec sa table d&rsquo;orientation de 360\u00b0 se trouve \u00e0<a href=\"https:\/\/www.thiery.fr\/wp-content\/uploads\/thiery100.jpg\"><img loading=\"lazy\" decoding=\"async\" class=\"size-medium wp-image-56 alignleft\" src=\"https:\/\/www.thiery.fr\/wp-content\/uploads\/thiery100-300x225.jpg\" alt=\"thiery100\" width=\"300\" height=\"225\" srcset=\"https:\/\/www.thiery.fr\/wp-content\/uploads\/thiery100-300x225.jpg 300w, https:\/\/www.thiery.fr\/wp-content\/uploads\/thiery100-400x300.jpg 400w, https:\/\/www.thiery.fr\/wp-content\/uploads\/thiery100.jpg 640w\" sizes=\"auto, (max-width: 300px) 100vw, 300px\" \/><\/a> proximit\u00e9 du cimeti\u00e8re. C&rsquo;est un endroit pittoresque: vue plongeante sur l&rsquo;Arzilagne. Quand la v\u00e9g\u00e9tation n&rsquo;est pas dense on peut voir les campagnes et les vestiges du moulin \u00e0 farine. De ce balcon on imagine bien les efforts fournis par nos ain\u00e9s pour avoir de la farine. A l&rsquo;ouest le Cians , \u00e0 l&rsquo;est les sources de l&rsquo;Arzilagne &#8230;..<br \/>\n<\/span><\/h6>\n<h6><\/h6>\n<h6><\/h6>\n<p style=\"text-align: justify;\"><span style=\"color: #000000;\"><strong>La traditionnelle place du village<\/strong>, la \u00ab\u00a0Place de\u00ef Tubans\u00a0\u00bb avec son blason incrust\u00e9 dans le sol. Les anciens y jouaient \u00e0 la p\u00e9tanque (il n&rsquo;y avait pas les pav\u00e9s bien s\u00fbr), c\u2019\u00e9tait un<a href=\"https:\/\/www.thiery.fr\/wp-content\/uploads\/place11.jpg\"><img loading=\"lazy\" decoding=\"async\" class=\"size-medium wp-image-427 alignright\" src=\"https:\/\/www.thiery.fr\/wp-content\/uploads\/place11-300x225.jpg\" alt=\"place1\" width=\"300\" height=\"225\" \/><\/a> v\u00e9ritable spectacle et de nombreux Thi\u00e9rois jouaient ou regardaient les parties acharn\u00e9es \u00e0 l&rsquo;ombre des tilleuls. Aujourd&rsquo;hui les enfants y jouent au ballon, v\u00e9los et jeux de raquettes sous l\u2019\u0153il discret des\u00a0 parents ou des habitants du village. Les soirs d&rsquo;\u00e9t\u00e9 de nombreuses personnes se r\u00e9unissent \u00e0 la fra\u00eeche et profitent de ce moment pour se rencontrer et \u00e9changer. C&rsquo;est aussi le lieu de rendez-vous des manifestations estivales. Le 15 Aout, le festin de Thi\u00e9ry est la f\u00eate la plus importante de l&rsquo;ann\u00e9e: on y danse, on y <a title=\"Le jeu de Mourra\" href=\"https:\/\/www.thiery.fr\/?page_id=522\">joue \u00e0 la mourra<\/a> et on se couche bien tard !\u00a0 <\/span><\/p>\n<h6><\/h6>\n<h6><\/h6>\n<h6><\/h6>\n<h6><\/h6>\n<pre><strong>Comment se rendre au village de Thi\u00e9ry ?. Depuis la ville de Nice prendre la M6202 (ancienne nationale 202) jusqu\u2019\u00e0 la gare de villars sur var. Prendre \u00e0 droite vers le village de villars et prendre la seule route \u00e0 gauche en direction de Thi\u00e9ry. Cette route agr\u00e9able sillonne entre les forets et la verdure durant 14 kilom\u00e8tres . Au bout de cette route Thi\u00e9ry , l'auberge , les thi\u00e9rois , un autre monde.<\/strong><\/pre>\n<p><iframe loading=\"lazy\" style=\"border: 0px none;\" src=\"https:\/\/www.google.com\/maps\/embed?pb=!1m14!1m12!1m3!1d15881.182764073552!2d7.030317443586493!3d43.97803520299702!2m3!1f0!2f0!3f0!3m2!1i1024!2i768!4f13.1!5e1!3m2!1sfr!2sfr!4v1396536436555\" width=\"819\" height=\"189\" frameborder=\"0\"><\/iframe><\/p>\n<h6><span style=\"color: #999999;\">Sources de la page : <\/span><\/h6>\n<pre><span style=\"color: #999999;\">Mesclun Tirenc de Claude Cagnol \r\nThiery o\u00f9 les pierres parlent de Marcel Icardo\r\nthiery06.free.fr de Stephane Aubert<\/span><\/pre>\n","protected":false},"excerpt":{"rendered":"<p>\u00a0 Au travers de ce site internet, visitez le \u00ab\u00a0Village des Tubans \u00bb, parcourez ses ruelles et ses diverses places, son histoire et sa culture, ses manifestations, ainsi que les nombreuses curiosit\u00e9s qu&rsquo;offrent les alentours de Thi\u00e9ry\u00a0\u00a0 Thi\u00e9ry est un &hellip; <a href=\"https:\/\/www.thiery.fr\/?page_id=217\">Continuer la lecture <span class=\"meta-nav\">&rarr;<\/span><\/a><\/p>\n","protected":false},"author":1,"featured_media":0,"parent":0,"menu_order":0,"comment_status":"closed","ping_status":"closed","template":"","meta":{"footnotes":""},"class_list":["post-217","page","type-page","status-publish","hentry"],"_links":{"self":[{"href":"https:\/\/www.thiery.fr\/index.php?rest_route=\/wp\/v2\/pages\/217","targetHints":{"allow":["GET"]}}],"collection":[{"href":"https:\/\/www.thiery.fr\/index.php?rest_route=\/wp\/v2\/pages"}],"about":[{"href":"https:\/\/www.thiery.fr\/index.php?rest_route=\/wp\/v2\/types\/page"}],"author":[{"embeddable":true,"href":"https:\/\/www.thiery.fr\/index.php?rest_route=\/wp\/v2\/users\/1"}],"replies":[{"embeddable":true,"href":"https:\/\/www.thiery.fr\/index.php?rest_route=%2Fwp%2Fv2%2Fcomments&post=217"}],"version-history":[{"count":201,"href":"https:\/\/www.thiery.fr\/index.php?rest_route=\/wp\/v2\/pages\/217\/revisions"}],"predecessor-version":[{"id":2945,"href":"https:\/\/www.thiery.fr\/index.php?rest_route=\/wp\/v2\/pages\/217\/revisions\/2945"}],"wp:attachment":[{"href":"https:\/\/www.thiery.fr\/index.php?rest_route=%2Fwp%2Fv2%2Fmedia&parent=217"}],"curies":[{"name":"wp","href":"https:\/\/api.w.org\/{rel}","templated":true}]}}