{"id":522,"date":"2014-04-23T14:06:25","date_gmt":"2014-04-23T14:06:25","guid":{"rendered":"http:\/\/www.thiery.fr\/?page_id=522"},"modified":"2014-05-14T07:53:36","modified_gmt":"2014-05-14T07:53:36","slug":"le-jeu-de-mourra","status":"publish","type":"page","link":"https:\/\/www.thiery.fr\/?page_id=522","title":{"rendered":"Le jeu de Mourra"},"content":{"rendered":"<p><em><span style=\"color: #800000;\">La mourra c&rsquo;est un jeu et aussi une tradition \u00e0 Thi\u00e9ry .On y joue en \u00ab\u00a0t\u00eate \u00e0 t\u00eate\u00a0\u00bb avec les doigts d&rsquo;une des deux mains.<\/span> <\/em><\/p>\n<p>Si vous comptez venir \u00e0 Thi\u00e9ry quelques jours, pensez \u00e0 apprendre la base du jeu, \u00e7a vous \u00e9vitera de payer \u00e0 chaque fois la tourn\u00e9e apr\u00e8s la partie de boules ou de vous retrouver seul \u00e0 faire cuire les brochettes pour tout une\u00a0 \u00ab\u00a0tribu \u00a0\u00bb voire dormir sur un matelas par terre quand il n&rsquo;y pas assez de lits dans la maison.<\/p>\n<pre>A chaque occasion de tirer \u00e0 la courte paille ou de lancer \"un pile \r\nou face\", \u00e0 Thi\u00e9ry c'est \u00e0 la <strong>mourra<\/strong> que tout ce r\u00e8gle.<\/pre>\n<p>Quelquefois on y joue \u00e0 plusieurs juste pour le plaisir du jeu et de gagner l&rsquo;\u00e9quipe d&rsquo;en face. Mais attention \u00e7a va vite, c&rsquo;est pas facile, et<i> on ne \u00ab\u00a0ban\u00e8ge\u00a0\u00bb <\/i>pas les points.<\/p>\n<p>Premi\u00e8rement : Apprendre les bases et compter les points en gavot : <strong><em>mingo un dous tr\u00e9s quatr\u00e9 cinqu\u00e9 siei s\u00e9t\u00e9 veuc\u00e9 nou dieci<\/em><\/strong><\/p>\n<p>Mais c&rsquo;est souvent aussi comme \u00e7\u00e0\u00a0 !!! : <strong><em>r\u00e9daoutout\u00e9\u00a0 r\u00e9\u00e9 unabella unpelous dou\u00e9 dous soulets trriiiiiiiiiiiiiiiiiii tr\u00e9d\u00e9tr\u00e9 quatr\u00e9baby innk\u00a0 cink\u00e9maiiii<\/em> sieialour\u00e9 setmill\u00e9 hhuittt noquouroplou larga touta mourra largaplan &#8230;&#8230;&#8230;&#8230;&#8230;&#8230;..<\/strong>, euhhh bon le mieux c&rsquo;est de venir voir&#8230;&#8230;. avec des sous !!!<\/p>\n<pre>Pour vous aider\r\nUn petit jeu<a href=\"http:\/\/mourra.pagesperso-orange.fr\/mourra\/regle.html\" target=\"_blank\"> ICI <\/a>(windXP seulement) pour vous entrainer et le \r\nmagnifique site de l'association de \"<a href=\"http:\/\/www.mourrabella.com\" target=\"_blank\">Mourra dei quatre cantouns <\/a>\" pour \r\nen savoir plus...<\/pre>\n","protected":false},"excerpt":{"rendered":"<p>La mourra c&rsquo;est un jeu et aussi une tradition \u00e0 Thi\u00e9ry .On y joue en \u00ab\u00a0t\u00eate \u00e0 t\u00eate\u00a0\u00bb avec les doigts d&rsquo;une des deux mains. Si vous comptez venir \u00e0 Thi\u00e9ry quelques jours, pensez \u00e0 apprendre la base du jeu, &hellip; <a href=\"https:\/\/www.thiery.fr\/?page_id=522\">Continuer la lecture <span class=\"meta-nav\">&rarr;<\/span><\/a><\/p>\n","protected":false},"author":1,"featured_media":0,"parent":0,"menu_order":0,"comment_status":"closed","ping_status":"open","template":"","meta":{"footnotes":""},"class_list":["post-522","page","type-page","status-publish","hentry"],"_links":{"self":[{"href":"https:\/\/www.thiery.fr\/index.php?rest_route=\/wp\/v2\/pages\/522","targetHints":{"allow":["GET"]}}],"collection":[{"href":"https:\/\/www.thiery.fr\/index.php?rest_route=\/wp\/v2\/pages"}],"about":[{"href":"https:\/\/www.thiery.fr\/index.php?rest_route=\/wp\/v2\/types\/page"}],"author":[{"embeddable":true,"href":"https:\/\/www.thiery.fr\/index.php?rest_route=\/wp\/v2\/users\/1"}],"replies":[{"embeddable":true,"href":"https:\/\/www.thiery.fr\/index.php?rest_route=%2Fwp%2Fv2%2Fcomments&post=522"}],"version-history":[{"count":14,"href":"https:\/\/www.thiery.fr\/index.php?rest_route=\/wp\/v2\/pages\/522\/revisions"}],"predecessor-version":[{"id":1056,"href":"https:\/\/www.thiery.fr\/index.php?rest_route=\/wp\/v2\/pages\/522\/revisions\/1056"}],"wp:attachment":[{"href":"https:\/\/www.thiery.fr\/index.php?rest_route=%2Fwp%2Fv2%2Fmedia&parent=522"}],"curies":[{"name":"wp","href":"https:\/\/api.w.org\/{rel}","templated":true}]}}