{"id":9,"date":"2014-04-02T13:18:08","date_gmt":"2014-04-02T13:18:08","guid":{"rendered":"http:\/\/www.thiery.fr\/?page_id=9"},"modified":"2014-06-02T08:27:52","modified_gmt":"2014-06-02T08:27:52","slug":"test","status":"publish","type":"page","link":"https:\/\/www.thiery.fr\/?page_id=9","title":{"rendered":"Les activit\u00e9s sportives, les loisirs"},"content":{"rendered":"<p style=\"text-align: center;\"><em><span style=\"color: #800000;\">Trails ou randonn\u00e9es sur les nombreux sentiers autour du village, ainsi que le GR5.\u00a0 Sorties trail ou VTT sportives (A Thi\u00e9ry \u00e7a grimpe) voir tr\u00e8s sportives.<\/span><\/em><\/p>\n<h6 style=\"text-align: left;\"><strong>Les meilleurs trails autour du village<a href=\"https:\/\/www.thiery.fr\/wp-content\/uploads\/brec.jpg\"><img loading=\"lazy\" decoding=\"async\" class=\"alignleft wp-image-729 size-medium\" src=\"https:\/\/www.thiery.fr\/wp-content\/uploads\/brec-300x225.jpg\" alt=\"brec\" width=\"300\" height=\"225\" srcset=\"https:\/\/www.thiery.fr\/wp-content\/uploads\/brec-300x225.jpg 300w, https:\/\/www.thiery.fr\/wp-content\/uploads\/brec-400x300.jpg 400w, https:\/\/www.thiery.fr\/wp-content\/uploads\/brec.jpg 640w\" sizes=\"auto, (max-width: 300px) 100vw, 300px\" \/><\/a><\/strong><\/h6>\n<pre style=\"text-align: left;\">- Trail des 2 chapelles par la Pin\u00e9e Belle rando <a title=\"Parcours GPX\" href=\"https:\/\/www.thiery.fr\/?page_id=747\">Carte &amp; Trace GPX \r\n<\/a>- Trail de la chapelle Saint Pons par le Brec d'Ilonse \r\nPar la baisse du grand palier: VTT expert <a title=\"Parcours GPX\" href=\"https:\/\/www.thiery.fr\/?page_id=747\">Carte &amp; Trace GPX \r\n<\/a>Par les Blaches: VTT difficile <a title=\"Cartes et Parcours GPX\" href=\"https:\/\/www.thiery.fr\/?page_id=747\">Carte &amp; Trace GPX<\/a><\/pre>\n<p style=\"text-align: left;\">&#8211; Trail des Tubans 13 Km: VTT facile <a title=\"Cartes et Parcours GPX\" href=\"https:\/\/www.thiery.fr\/?page_id=747\">Carte &amp; Trace GPX<\/a><\/p>\n<p>&nbsp;<\/p>\n<p style=\"text-align: center;\">\u00a0&#8212;&#8212;&#8212;&#8212;&#8212;&#8212;&#8212;&#8212;&#8212;&#8212;&#8212;&#8212;&#8212;&#8212;&#8212;&#8212;&#8212;&#8212;&#8212;&#8212;<\/p>\n<p><img loading=\"lazy\" decoding=\"async\" class=\"alignleft wp-image-119 size-medium\" src=\"https:\/\/www.thiery.fr\/wp-content\/uploads\/aathiery155-300x150.jpg\" alt=\"aathiery155.jpg\" width=\"300\" height=\"150\" srcset=\"https:\/\/www.thiery.fr\/wp-content\/uploads\/aathiery155-300x150.jpg 300w, https:\/\/www.thiery.fr\/wp-content\/uploads\/aathiery155-500x250.jpg 500w, https:\/\/www.thiery.fr\/wp-content\/uploads\/aathiery155.jpg 1000w\" sizes=\"auto, (max-width: 300px) 100vw, 300px\" \/><\/p>\n<p>&nbsp;<\/p>\n<p>&#8211; Randonn\u00e9e Pont de l&rsquo;Arzilagne et moulin par les campagnes de Dourch <em><span style=\"color: #800000;\">Trace \u00e0 venir <\/span><\/em><\/p>\n<p style=\"text-align: left;\"><span style=\"color: #800000;\"><em>\u00a0<\/em><\/span><\/p>\n<p style=\"text-align: center;\">\u00a0&#8212;&#8212;&#8212;&#8212;&#8212;&#8212;&#8212;&#8212;&#8212;&#8212;&#8212;&#8212;&#8212;&#8212;&#8212;&#8212;&#8212;&#8212;&#8212;&#8212;<\/p>\n<p style=\"text-align: left;\"><a href=\"https:\/\/www.thiery.fr\/wp-content\/uploads\/cascade.jpg\"><img loading=\"lazy\" decoding=\"async\" class=\"alignleft wp-image-1104 size-thumbnail\" src=\"https:\/\/www.thiery.fr\/wp-content\/uploads\/cascade-150x150.jpg\" alt=\"cascade\" width=\"150\" height=\"150\" \/><\/a><img loading=\"lazy\" decoding=\"async\" class=\"alignleft wp-image-1109 size-thumbnail\" src=\"https:\/\/www.thiery.fr\/wp-content\/uploads\/arzi-150x150.jpg\" alt=\"arzi\" width=\"150\" height=\"150\" \/> &#8211; Randonn\u00e9e la cascade de Thiery Environ 2 heures 30 aller \/ retour Superbe ballade pour voir la cascade depuis les campagnes de Nona<\/p>\n<p><a title=\"Cartes et Parcours GPX\" href=\"https:\/\/www.thiery.fr\/?page_id=747\">Carte &amp; Trace GPX<\/a><\/p>\n<p>&nbsp;<\/p>\n<p>&nbsp;<\/p>\n<p>&nbsp;<\/p>\n<p>&nbsp;<\/p>\n<p>&nbsp;<\/p>\n<p>&nbsp;<\/p>\n<p>&nbsp;<\/p>\n<p style=\"text-align: left;\">[pullquote]Loisirs <span style=\"color: #800000;\">\u00e0 suivre &#8230;&#8230;<\/span>[\/pullquote]<\/p>\n","protected":false},"excerpt":{"rendered":"<p>Trails ou randonn\u00e9es sur les nombreux sentiers autour du village, ainsi que le GR5.\u00a0 Sorties trail ou VTT sportives (A Thi\u00e9ry \u00e7a grimpe) voir tr\u00e8s sportives. Les meilleurs trails autour du village &#8211; Trail des 2 chapelles par la Pin\u00e9e &hellip; <a href=\"https:\/\/www.thiery.fr\/?page_id=9\">Continuer la lecture <span class=\"meta-nav\">&rarr;<\/span><\/a><\/p>\n","protected":false},"author":1,"featured_media":0,"parent":0,"menu_order":0,"comment_status":"closed","ping_status":"closed","template":"","meta":{"footnotes":""},"class_list":["post-9","page","type-page","status-publish","hentry"],"_links":{"self":[{"href":"https:\/\/www.thiery.fr\/index.php?rest_route=\/wp\/v2\/pages\/9","targetHints":{"allow":["GET"]}}],"collection":[{"href":"https:\/\/www.thiery.fr\/index.php?rest_route=\/wp\/v2\/pages"}],"about":[{"href":"https:\/\/www.thiery.fr\/index.php?rest_route=\/wp\/v2\/types\/page"}],"author":[{"embeddable":true,"href":"https:\/\/www.thiery.fr\/index.php?rest_route=\/wp\/v2\/users\/1"}],"replies":[{"embeddable":true,"href":"https:\/\/www.thiery.fr\/index.php?rest_route=%2Fwp%2Fv2%2Fcomments&post=9"}],"version-history":[{"count":80,"href":"https:\/\/www.thiery.fr\/index.php?rest_route=\/wp\/v2\/pages\/9\/revisions"}],"predecessor-version":[{"id":1142,"href":"https:\/\/www.thiery.fr\/index.php?rest_route=\/wp\/v2\/pages\/9\/revisions\/1142"}],"wp:attachment":[{"href":"https:\/\/www.thiery.fr\/index.php?rest_route=%2Fwp%2Fv2%2Fmedia&parent=9"}],"curies":[{"name":"wp","href":"https:\/\/api.w.org\/{rel}","templated":true}]}}